he prime factors of d(0)?
3, 5, 7
Suppose 0 = -4*b + 2*j + 28, 4*j = -2*b + j - 2. Suppose -b*q + 0 + 20 = 0. Suppose 4*m = -0*t + 2*t - q, -3*m = 3*t - 42. List the prime factors of t.
2, 5
Let v(d) = d**3 - 3*d**2 + 2*d - 5. Let f be (1 + -3)/(-2) + 3. List the prime factors of v(f).
19
Suppose -3*l + 1347 = 5*x, 7*x - 2*l - 1352 = 2*x. Suppose 5*y - x = 5*w, -w = 3*y + w - 187. List the prime factors of y.
59
Let r be 2/6*(-2 + 2). Suppose 0*n - 4*n + 148 = r. Suppose -5*z = -4*s - 110, -3*s - 14 - n = -2*z. What are the prime factors of z?
2, 3
Let m(i) = i**3 + 6*i**2 - 5*i + 10. List the prime factors of m(-6).
2, 5
Let c = -89 - -139. List the prime factors of c.
2, 5
Let u(n) = -n**3 + 13*n**2 + n - 11. Let k be u(13). Let o = -4 - -3. List the prime factors of -2*5*o/k.
5
Let w(x) = -x**2 + 3. What are the prime factors of w(0)?
3
Let s(k) = k**3 - 12*k**2 + 17*k - 14. List the prime factors of s(11).
2, 13
What are the prime factors of 15 + (-1 - (-3 + 1))?
2
Suppose 3*y - y = c - 24, 0 = -3*y - 12. Let n be (-90)/(-8) - 4/c. Let j = n - 0. List the prime factors of j.
11
Let r(a) = a**3 + 14*a**2 - 2*a - 21. What are the prime factors of r(-12)?
3, 97
Let x(d) = -d - 3. Let f be x(-5). Suppose -2*s - f = 2. List the prime factors of (s/4)/((-2)/40).
2, 5
What are the prime factors of (-42)/((-3)/(-4 - -7))?
2, 3, 7
Let z(f) be the second derivative of 5*f**3/3 - 3*f**2/2 + 3*f. What are the prime factors of z(2)?
17
Let w(i) = 4*i**3 - 4*i**2 + 4*i - 2. List the prime factors of w(2).
2, 11
Suppose 4*q + 5*n = 102, 4*q - 5*n = q + 59. What are the prime factors of q?
23
Suppose 0*i + 2*i = 2. Let r be -2 - (0 + i + -2). What are the prime factors of 16 + (-4)/(-3 - r)?
2, 3
Suppose -4*t - 1 = -3*t. Let o = -1 - t. Suppose o = -j - 4 + 16. List the prime factors of j.
2, 3
Let r be 2/8 - 45/(-12). Suppose r*a + 26 = 106. List the prime factors of a.
2, 5
Let d be 1*(0/2 - 1). List the prime factors of 18 + (-5 - -2) - d.
2
Let x(a) = -a**3 - 4*a**2 + 4*a - 4. Let r be (-1 + 6)*(-3 - -2). Let h be x(r). Suppose 0 = 2*y + 3 - h, 4*t - y = 13. List the prime factors of t.
3
Suppose 38 = 2*s + 22. List the prime factors of s.
2
Let j(d) = d**2 + 4*d - 8. What are the prime factors of j(-6)?
2
Suppose 0 = -16*a + 20*a - 180. What are the prime factors of a?
3, 5
Let x(b) = 4*b**3 + 1. Let n = -2 - 0. Let h be x(n). Let g = 52 + h. List the prime factors of g.
3, 7
Suppose 3*l + 2*o - 98 = 0, 0 = -3*l + 5*o + 82 + 30. Let u = l - 13. What are the prime factors of u?
3, 7
Let u(t) be the second derivative of t**4/6 - t**2 + 4*t. List the prime factors of u(4).
2, 3, 5
Let u = 21 - 7. Suppose -4*j = 5*d - 17 - 10, 2*j - 3*d - 19 = 0. Let q = u - j. List the prime factors of q.
2, 3
Suppose -3*f = -2*q - 0*f, -5*q = 4*f. Let y = 13 + q. Let h = y - 9. List the prime factors of h.
2
Suppose 0 - 48 = -3*s. Suppose 2*z = 8 + s. What are the prime factors of z?
2, 3
Suppose -2*c + 2*j = 8, 2*j = c - 0*c + 7. List the prime factors of (1 - 2*3)/c.
5
Suppose -4*f = -2*j - 8 - 106, 3*j - f = -196. Let s = -47 - j. Suppose -q + 4 = z, -2*q + s = 2*q + 2*z. List the prime factors of q.
2, 3
Let i(o) = 21*o**2 - 1. Let b be i(1). Suppose 0 = 5*w + b, -2*l + 4*w = -l - 6. Let r = -3 - l. List the prime factors of r.
7
Let b = 9 - 8. Let q = 15 - b. What are the prime factors of q?
2, 7
Let d(w) = -w**3 + 12*w**2 - 11*w + 6. Let k(n) = -n**2 - 4 + 2*n + 2*n + 4*n. Let x be k(5). List the prime factors of d(x).
2, 3
Let h(y) = -y**3 + 4*y**2 - y - 4. Let a be h(3). Let i be ((-20)/a)/(6/(-3)). Suppose w - 13 = -4*l + l, -13 = 2*l + i*w. List the prime factors of l.
2, 3
Let h(b) = b**2 - 10*b + 13. Suppose 0*x = x - 9. What are the prime factors of h(x)?
2
What are the prime factors of 112/5 - 21/(-35)?
23
Let k(g) = 49*g + 1. Let o be k(-1). Let h = -15 - o. What are the prime factors of h?
3, 11
Suppose -8*h - 4*a = -3*h - 1, 0 = h + a. Suppose -2*y - 2 = -10. Let w = h + y. What are the prime factors of w?
5
Let y(n) be the first derivative of n**3/3 - n**2/2 + 10*n + 2. Let w(p) = p**3 - p**2. Let i be w(1). What are the prime factors of y(i)?
2, 5
Let g be 8*(1 + (-12)/16). Suppose l = -4*l + 40. Let r = l - g. What are the prime factors of r?
2, 3
Let s = -13 + 21. Suppose 0 = -l - 4*f - 11 - 2, 0 = -5*l - f - s. List the prime factors of (-15 + 2)*(0 + l).
13
Let a(n) = 2*n**2 + 5*n + 2. Let s be a(-3). Let y(c) = 5 + 0 + 5*c + 1 + c**3 - 6*c**2. What are the prime factors of y(s)?
2, 3
Let d(f) = 4 - f**2 - f - 6*f + 3*f**2. What are the prime factors of d(4)?
2
Let i be (2/5)/((-3)/(-180)). Suppose 2*c + 2*c - i = -4*u, 3*u = -c + 12. Suppose 0 = u*x - x - 10. What are the prime factors of x?
5
Let m be ((-5)/(-5))/(2/12). Let q be (m/(-15))/(2/(-10)). What are the prime factors of (-15)/q*6/(-5)?
3
What are the prime factors of 2 - -1 - (-2 - 145)?
2, 3, 5
Suppose 0 = -2*i + 4*i - 10. Suppose 0*n + 3*n = -15, 4*q - 37 = i*n. Suppose -q*o = -18 - 12. List the prime factors of o.
2, 5
Let n be (-55)/10 + 1/2. Let k = 5 + n. Suppose 5*o + 3*i = 34, 0 = -k*o + 3*o - 5*i - 34. What are the prime factors of o?
2
What are the prime factors of 2/1 - 819/(-13)?
5, 13
Let a(h) = h + 19. Let s(j) = j**3 + 2. Let k be s(2). List the prime factors of a(k).
29
Suppose 0 = z - 0*k - 2*k + 2, -4*z + 2*k = 2. Suppose z = o + 1 - 9. What are the prime factors of o?
2
List the prime factors of (-6)/((-6)/2) - (5 + -407).
2, 101
List the prime factors of ((-2)/8)/(9/(-1692)).
47
Let c(r) = 2*r**3 - 5*r**2 - 5*r + 5. What are the prime factors of c(4)?
3, 11
Let r be 3*(5/3 - 2). List the prime factors of -5 + 4 + r - -13.
11
Let t(c) = -c**2 + c - 1. Let d(u) = -6*u**2 - u - 3. Let y(n) = -d(n) + 5*t(n). List the prime factors of y(-7).
5
Suppose -4 = -4*m - 40. Let b(a) = 2 + 5*a - a + 4*a + a**2. List the prime factors of b(m).
11
Let d(w) = -w**3 - 2*w**2 + 3*w + 2. Let f be d(-3). Suppose -3*o - 25 = -5*g, -f*g + 47 = 2*g + 3*o. What are the prime factors of g?
2
Suppose -4*j + 185 = j + 2*w, 0 = -3*j - 5*w + 92. List the prime factors of j.
3, 13
Let c be -4*(1 + 22/4). Let z = c + 39. What are the prime factors of z?
13
Suppose -3*x = -2*g - 103, 0 = -3*x + 5*x - 4*g - 82. What are the prime factors of x?
31
Suppose -60 = -4*l - l. Suppose 4*f - 55 = -5*q + l, -f - 8 = -q. List the prime factors of q.
11
Let w(k) = -3*k - 7. Let o be 29/4 + (-6)/24. Let i be (2 - 2 - o)/1. List the prime factors of w(i).
2, 7
Let a(s) be the first derivative of s**3/3 + 3*s**2/2 - 3*s - 3. What are the prime factors of a(-5)?
7
Suppose f = -3*f + 24. Suppose -c = f + 1. Let i(o) = -o + 10. What are the prime factors of i(c)?
17
Let k(f) = f**2 - f + 6. What are the prime factors of k(-5)?
2, 3
Let q be 0 + -1 + 2 + -1. Let x(u) = -2*u + 2. Let p(k) = k - 2. Let d(n) = -3*p(n) - 2*x(n). What are the prime factors of d(q)?
2
Let i(l) = l**2 - 7*l + 14. What are the prime factors of i(6)?
2
Suppose -2*k + 172 = 2*k. Suppose 0 = 4*n + l + k, -2*n + 3*l + 8 = 19. Let a = n + 20. What are the prime factors of a?
2, 5
Suppose -6*i = -2*i + 56. Let z = 5 - i. List the prime factors of z.
19
Suppose -4*q - 4*d - 5 = -45, -q + 15 = 2*d. Suppose -q*b + u + 30 = 0, -5*b - 3*u + 50 = -0*b. What are the prime factors of b?
7
Let o = 4 - 2. Suppose -b + 0 = -o. Suppose 2*g = -v + 10, -b*g + 6 = 3*v - 4*g. What are the prime factors of v?
2
Let z(t) = t**3 - 4*t**2 + 5*t - 4. Let l be z(3). Let p = 13 - l. List the prime factors of p.
11
Let v(t) = 2*t. Let l be v(1). Let m be (-5 + 2)*-1 - l. Let x = m - -1. What are the prime factors of x?
2
Let r(f) = -f - 4. Let p be r(-4). Let b = 3 + p. What are the prime factors of b?
3
Let n(b) = -b**2 - 18*b - 5. List the prime factors of n(-5).
2, 3, 5
Suppose 0 = -4*l + 6 - 2. Let d = 13 + l. What are the prime factors of d?
2, 7
Let j = 8 - 6. Let k be j/(-1) + 1 + -1. List the prime factors of k/5 - (-32)/5.
2, 3
Let n = 215 - 59. Suppose n = -0*o + 6*o. What are the prime factors of o?
2, 13
Let b(w) = w + 1. Let v(q) = -q**3 + q**2 + 8*q + 1. Let k(r) = 4*b(r) - v(r). Let a be k(2). What are the prime factors of (-1)/(a/(-4)*-1)?
2
Let y = -65 + 121. List the prime factors of y.
2, 7
Let k(m) = m**2 - 4. What are the prime factors of k(8)